(-6)/((p/6)/(-5)) is divided by 3.
0
Let p(u) = -u**2 - 4*u + 7. Let n be p(-5). Suppose 0*j = 2*j + n*i - 20, 4 = i. Suppose 0 = -57*w + 536 + 34. What is the remainder when w is divided by j?
4
Let s(c) = -27*c**3 - c. Let o be s(-1). Suppose -5*m + o + 22 = 0. Suppose -13*q + 12*q = -28. Calculate the remainder when q is divided by m.
8
Suppose 2*w = -5*j + 44, 3*w + 5*j - 15 - 41 = 0. Suppose 6*r - 2 = 3*t + 2*r, 14 = -t + 4*r. Calculate the remainder when t/9*138/4 is divided by w.
11
Let i = 1 + 3. Suppose 2*x = -i*n + 64, 2*n + 4*x = 2*x + 30. Suppose n = 3*u - 22. Calculate the remainder when u is divided by 5.
3
Let q(s) = 6*s + 5*s - 2*s**2 - 5*s. Let c be q(4). Let o = -3 - c. What is the remainder when 8 is divided by o?
3
Let m(w) = -w + 3. Let j be m(-7). Suppose 0 = -q + 3*q - j. Suppose 2 = -2*s + 20. What is the remainder when s is divided by q?
4
Let z(w) = -4*w + 17*w + 5*w - 5. Let o be z(10). Suppose 4*d = -d + o. What is the remainder when d is divided by 12?
11
Let a(s) = -s**3 - 6*s**2 + 3*s + 7. Calculate the remainder when a(-7) is divided by 9.
8
Let m(w) = w**2 + 5*w + 6. Let t be m(-6). Let x(b) = -5*b - 8*b + b**3 + 0*b + 13 - 11*b**2. Calculate the remainder when 1 is divided by x(t).
0
Suppose -w - a + 6 = -2*a, 4*w = 2*a + 28. Let u = 9 + w. What is the remainder when 32 is divided by u?
15
Let c = -23 + 7. Calculate the remainder when 42 is divided by (-2)/2*(1 + c).
12
Suppose -3*d = -3, 3*d + 29 = r + 4*d. What is the remainder when (-106)/6*-3*1 is divided by r?
25
Let a(d) = -d**3 + 8*d**2 - 2*d + 2. Let w be a(7). Suppose -5*t + 2*x + w = -34, -2*t + 38 = -4*x. What is the remainder when 25 is divided by t?
12
Calculate the remainder when 24 is divided by (-4 + 3/(-9))*-3.
11
Let r(x) = 30*x**2 + 6. Let d(n) = 7 - 5*n**2 + 38*n**2 - 3*n**2. Let g(y) = -5*d(y) + 6*r(y). Calculate the remainder when g(1) is divided by 16.
15
Suppose 400 = -4*u + 1108. Suppose -5*y + u + 94 = -2*o, 3*y - 5*o - 155 = 0. What is the remainder when y is divided by 29?
26
Let w(q) = q**2 - 41*q + 160. What is the remainder when 458/8 + 2/(-8) is divided by w(4)?
9
Suppose 3*w + 108 = -2*b + 7*w, 2*b + 108 = -4*w. Let m = b - -81. Calculate the remainder when m is divided by 6/(-4) + (-62)/(-4).
13
Suppose -4*v - v = -10. Suppose 4*h - 14 = v. Suppose 4*z = -3*m + 15, 0*z = -z - 2*m. What is the remainder when z is divided by h?
2
Let o = 39 - 24. Let w be (-16)/6*(-24)/16. Suppose -48 = -w*a - 0*a + 4*q, 5*a - q = 44. Calculate the remainder when o is divided by a.
7
Let r(u) = -9*u**3 + u**2 + 4*u + 3. Let y be r(-2). Let a = y + -32. What is the remainder when a is divided by 10?
9
Suppose 5*m - 61 = 9. Let r be 2/2 - 4/(-2). Suppose 2*g - 77 = r. What is the remainder when g is divided by m?
12
Suppose 36 = 3*x - 7*x. Let r be -1*0/(0 + 2). Calculate the remainder when 22 is divided by r - x - (-3 + 4).
6
Let v = 22 + -16. Suppose v*j - 7*j = -3. What is the remainder when j is divided by 2?
1
Suppose -24 = 2*y - 42. Calculate the remainder when 16 is divided by y.
7
Let r be 8/(-14)*49/(-14). What is the remainder when 19 is divided by (-11)/((2 - 5) + r)?
8
Let q(n) = -n**3 + 3*n**2 + 4*n + 5. Let v be q(4). Suppose -2*b = -0*l - 4*l - 24, -3*l + 34 = v*b. Calculate the remainder when 13 is divided by b.
5
Suppose 0 = -3*s - 5*y + 152, 4*s + 0*s - 4*y = 160. Calculate the remainder when 175 is divided by s.
43
Let r = -21 + 25. Suppose -j + r*t + 13 = 2*j, -5*t + 47 = 2*j. Calculate the remainder when j is divided by 6.
5
Suppose 3*w = 2*w. Let l(d) = d**2 + 7*d - 8. Let q be l(-8). Suppose k + w*k - 8 = q. Calculate the remainder when 23 is divided by k.
7
Suppose 2*n = -3*n + 25. Calculate the remainder when 19 is divided by n.
4
Let a = 163 - 96. Calculate the remainder when a is divided by 17.
16
Let h(m) = 2*m**2 + 8*m + 7. What is the remainder when h(-5) is divided by 6?
5
Suppose -9*w + 6*w + 132 = 0. What is the remainder when 174 is divided by w?
42
Suppose 0 = 5*i - 4*o - 69, -2*i + i + 10 = 3*o. Calculate the remainder when 34 is divided by i.
8
Suppose 3*c - 85 = -3*d + 56, -245 = -5*c + 5*d. Let u(w) = 3*w - 1. Calculate the remainder when c is divided by u(6).
14
Let m(w) = w + 9. Let r be m(7). Let z = 26 - r. Calculate the remainder when 37 is divided by z.
7
Let g = 6 - 1. Suppose 3*k = -2*k - 2*a - 1, 5*k - 5*a = -15. What is the remainder when -3 + (k - -1 - -12) is divided by g?
4
Let g(f) = -5*f - 8. What is the remainder when 4 is divided by g(-2)?
0
What is the remainder when 687/15 - (-4)/(-5) is divided by 16?
13
Suppose 2*m - 55 = 3*h - 3*m, -3*h - 5*m = 35. Let d = h + 48. Calculate the remainder when d is divided by 12.
9
What is the remainder when 54 is divided by (42/(-4))/(-3)*4?
12
Suppose 2*k = b - 59, 4*b - 3*b = 5. Let h = -10 - k. Suppose 5*v - 2*g = -0*g + 47, 5*g = 4*v - 41. What is the remainder when h is divided by v?
8
Let v(t) = -t**2 + 13*t + 6. What is the remainder when v(13) is divided by 4?
2
Suppose 2*c - 34 = 8. Let z be (-4)/(-14) + 78/c. What is the remainder when (z - 5) + 1*13 is divided by 7?
5
Calculate the remainder when 3*(254/3)/2 is divided by 26.
23
What is the remainder when 14 is divided by (-100)/(-26) - (-4)/26?
2
Calculate the remainder when 85 is divided by (-9)/(-6)*(-3)/(-18)*116.
27
Suppose 40 = 4*y - 16. What is the remainder when y is divided by 4?
2
Let l(q) be the second derivative of 0*q**3 + 1/6*q**4 + 1/2*q**2 - 1/20*q**5 + 0 + 2*q. Calculate the remainder when l(-3) is divided by 16.
14
Suppose -5*j + 374 = -y, 85 = 3*j + 2*y - 129. Let h(m) = 4*m - 25. What is the remainder when j is divided by h(11)?
17
Let u = 7 - 6. Calculate the remainder when 5 is divided by u.
0
Suppose 0 = -4*w - 0*w + 252. What is the remainder when w is divided by 13?
11
Suppose 5*z = 2*z. Suppose 2*s + 2*s = z. Let d(u) = -u + 8. Calculate the remainder when 22 is divided by d(s).
6
Suppose 0 = -23*k + 16*k + 119. What is the remainder when k is divided by 10?
7
Let h(a) = -4*a - 8. Calculate the remainder when h(-6) is divided by 11.
5
Let g = -1 - -19. What is the remainder when g is divided by 17 + -6 - 4*1?
4
Suppose 3*i - 2*i - 2 = 0, 0 = -4*p + 4*i - 8. Suppose p = 3*s + 21 - 156. What is the remainder when s is divided by 12?
9
Suppose 138 = -n + 2*n - 4*f, 3*f = 2*n - 291. What is the remainder when n is divided by 17?
14
Let k = 0 + 5. Suppose -4*j = -3*n + 12, -n + k + 9 = 2*j. Suppose -w + m = -25, 0 = -n*m + 3*m - 15. Calculate the remainder when w is divided by 12.
10
Let r(g) = -3*g + 2. Let w = 4 + 15. Suppose 0 = -2*o + 65 - w. Calculate the remainder when o is divided by r(-2).
7
Let a(b) = -b**2 - 22*b - 25. Calculate the remainder when a(-19) is divided by 18.
14
Suppose 2*r = -14 + 40. What is the remainder when ((-28)/(-6))/((-5)/(420/(-8))) is divided by r?
10
Let l = 18 - -34. Let y be 3 + -1 + 0/(-4). Suppose p = -y*p + 3*w + 48, -5*p + 4*w + 82 = 0. Calculate the remainder when l is divided by p.
16
Suppose -4*x - 5 = -2*n + 1, 5 = 3*n - 4*x. Let i be -2 - (n - 3/(-1)). Let r(l) = l**3 + 4*l**2 - 2*l + 4. Calculate the remainder when 35 is divided by r(i).
11
Calculate the remainder when 57 is divided by 288/20 - (-3)/5.
12
Let x(w) = 2*w**2 - 4*w - 4. Calculate the remainder when x(5) is divided by 63/6*(-4)/(-6).
5
Let b(j) = j**3 + 7*j**2 + j - 3. Calculate the remainder when b(-6) is divided by 15.
12
Suppose -4*n - z + 357 = 0, -6*z + 3*z - 189 = -2*n. What is the remainder when n is divided by 23?
21
Let g = -2 - -85. What is the remainder when g is divided by 7?
6
Let x(z) be the second derivative of 0 - 1/2*z**2 - 1/3*z**3 + z. Calculate the remainder when x(-5) is divided by 4.
1
Let t be -15*((-24)/9 - -3). Let x = t + 11. What is the remainder when 16 is divided by x?
4
Suppose -2*g - 3*g + 280 = 0. Let c(i) = 2*i**2 - i + 2. Let a be c(-4). Suppose 4*l - a = 38. Calculate the remainder when g is divided by l.
18
Suppose -2*m - c = -5, -m + 3*m = -4*c + 2. Suppose 0 = -g + m*g - 22. What is the remainder when 30 is divided by g?
8
Let f = 74 - 32. Let b = f + -22. Calculate the remainder when 79 is divided by b.
19
Let r(f) = f**3 - 4*f**2 + 4*f + 3. What is the remainder when r(5) is divided by 10?
8
What is the remainder when 4